Is 12051058 a composite number?
True
Is 28477609 a composite number?
True
Is 13127123 composite?
False
Is 8130097 a prime number?
False
Is 685294 a prime number?
False
Is 3191987 prime?
True
Is 1071971 prime?
False
Is 5882719 a prime number?
False
Is 88130531 composite?
True
Is 156521347 prime?
True
Is 124097 a prime number?
True
Is 31531919 a prime number?
False
Is 954067 prime?
True
Is 169285037 a composite number?
True
Is 132515617 prime?
False
Is 92370821 composite?
False
Is 16637098 prime?
False
Is 93508197 composite?
True
Is 720791 a prime number?
True
Is 14100707 prime?
True
Is 12120223 composite?
False
Is 133489897 a composite number?
False
Is 2731961 composite?
False
Is 225699337 a prime number?
True
Is 28580917 a composite number?
False
Is 5153831 a composite number?
False
Is 508853 composite?
True
Is 2585731 prime?
False
Is 344484717 a composite number?
True
Is 8484461 composite?
True
Is 194602721 composite?
True
Is 358931 composite?
False
Is 114839927 a prime number?
True
Is 5971217 a prime number?
False
Is 159944329 a prime number?
True
Is 3082073 a composite number?
False
Is 7711637 a prime number?
True
Is 50056577 prime?
True
Is 457018 prime?
False
Is 169330027 a prime number?
True
Is 67435597 prime?
True
Is 959993 a composite number?
True
Is 20809619 composite?
False
Is 426859 prime?
True
Is 450077783 prime?
False
Is 138193919 prime?
True
Is 214811 composite?
False
Is 927709 a prime number?
True
Is 3268657 a prime number?
False
Is 23180371 prime?
False
Is 408919 a prime number?
False
Is 393483809 a composite number?
False
Is 73430551 a composite number?
False
Is 192125861 a composite number?
False
Is 1955381 composite?
False
Is 2584243 a composite number?
True
Is 12293539 composite?
False
Is 104708683 prime?
False
Is 3497693 a prime number?
False
Is 16500209 composite?
True
Is 430309531 prime?
True
Is 4963243 composite?
False
Is 25007 a prime number?
False
Is 16474933 a composite number?
False
Is 132178057 composite?
True
Is 113864389 composite?
True
Is 3734821 composite?
False
Is 15542279 a composite number?
True
Is 107570765 a prime number?
False
Is 68749439 a composite number?
True
Is 365773 composite?
False
Is 9417143 a prime number?
False
Is 1043969 a prime number?
True
Is 9622957 prime?
True
Is 146567 prime?
False
Is 11375699 prime?
False
Is 75213143 composite?
False
Is 36385499 composite?
False
Is 3048557 prime?
True
Is 248065309 prime?
False
Is 20781037 a composite number?
True
Is 1510643 prime?
True
Is 114078763 prime?
False
Is 221341249 a composite number?
True
Is 23673241 composite?
False
Is 549341 a prime number?
False
Is 382021 a prime number?
True
Is 1062433 a composite number?
True
Is 2716429 a prime number?
False
Is 37303223 a composite number?
False
Is 131889781 prime?
True
Is 13661357 a prime number?
True
Is 12779531 a prime number?
True
Is 1079923 a composite number?
True
Is 8766841 prime?
False
Is 2628383 a prime number?
True
Is 102054809 prime?
True
Is 48852833 a prime number?
False
Is 7363843 composite?
True
Is 57626513 a prime number?
False
Is 104009 prime?
True
Is 12665641 composite?
False
Is 1270754657 a composite number?
False
Is 44305669 a prime number?
True
Is 3229901 prime?
True
Is 2180627 a prime number?
True
Is 43396231 a composite number?
True
Is 587432197 a composite number?
True
Is 533693285 composite?
True
Is 9413335 prime?
False
Is 117269 composite?
False
Is 309521 composite?
False
Is 5130913 composite?
False
Is 3495403 a composite number?
True
Is 104213789 a composite number?
True
Is 5101157 prime?
True
Is 1363861 prime?
False
Is 238129951 composite?
False
Is 4358969 composite?
False
Is 5014865 a prime number?
False
Is 49452367 a composite number?
False
Is 3743957 prime?
False
Is 568783 composite?
False
Is 5791307 a composite number?
False
Is 15620347 a prime number?
True
Is 20647013 a composite number?
True
Is 5103029 prime?
True
Is 75366071 a composite number?
True
Is 1501307 a composite number?
False
Is 2659039 prime?
False
Is 26566249 a prime number?
False
Is 109353031 composite?
False
Is 7175629 prime?
True
Is 264884365 composite?
True
Is 7670374 a prime number?
False
Is 58451 a composite number?
False
Is 66799673 a composite number?
True
Is 39180857 composite?
False
Is 26770889 prime?
True
Is 1086493 prime?
True
Is 141388265 prime?
False
Is 147619837 composite?
False
Is 7880063 prime?
True
Is 5427943 a prime number?
True
Is 160780937 composite?
True
Is 6429629 a composite number?
True
Is 1156594 a composite number?
True
Is 2963903 composite?
False
Is 46029131 composite?
False
Is 199889 prime?
True
Is 1492159 prime?
True
Is 17072303 a prime number?
False
Is 18534653 prime?
False
Is 56485405 prime?
False
Is 2828053 composite?
False
Is 6893881 composite?
True
Is 1884787 composite?
True
Is 2609573 composite?
True
Is 9343141 a prime number?
False
Is 5293859 a prime number?
False
Is 2261599343 a prime number?
True
Is 2027461 a prime number?
True
Is 15631439 composite?
True
Is 522097 composite?
True
Is 1969343 prime?
True
Is 882474185 prime?
False
Is 23744093 a prime number?
False
Is 2005723 prime?
True
Is 5053627 prime?
False
Is 12497411 prime?
False
Is 46888642 a composite number?
True
Is 3126107 composite?
True
Is 70181737 a composite number?
True
Is 727537 prime?
False
Is 3003223 a composite number?
False
Is 232604869 prime?
False
Is 37276819 a composite number?
False
Is 14501839 prime?
False
Is 38527894 composite?
True
Is 3282449 composite?
True
Is 7301449 composite?
True
Is 308609 composite?
True
Is 108775663 a prime number?
False
Is 195650545 a prime number?
False
Is 65366959 a prime number?
False
Is 27071083 a composite number?
True
Is 191501 composite?
True
Is 3002327 a prime number?
True
Is 189547 a prime number?
True
Is 13336523 composite?
True
Is 112586629 a composite number?
True
Is 16070947 a prime number?
False
Is 323813374 a composite number?
True
Is 9763129 a prime number?
False
Is 688621 composite?
False
Is 93047 a composite number?
False
Is 10721999 composite?
False
Is 5540993 prime?
True
Is 37915123 a composite number?
False
Is 79258117 a prime number?
True
Is 12278603 a prime number?
False
Is 9572487 a composite number?
True
Is 32192209 prime?
False
Is 94145431 a prime number?
True
Is 52223659 composite?
True
Is 4503595 prime?
False
Is 7480591 a composite number?
False
Is 55313989 a composite number?
False
Is 5585207 a composite number?
True
Is 1058647 a composite number?
True
Is 1050281 prime?
True
Is 280591253 prime?
False
Is 23595989 prime?
False
Is 342762067 prime?
True
Is 133286 a composite number?
True
Is 12340157 prime?
True
Is 83097709 composite?
False
Is 32830153 prime?
True
Is 206086703 prime?
False
Is 158071 a prime number?
True
Is 5534123 a composite number?
True
Is 5353681 composite?
False
Is 382049761 prime?
True
Is 42575873 a prime number?
True
Is 492537527 a prime number?
False
Is 11989657 a prime number?
True
Is 596737 prime?
True
Is 2079931 prime?
False
Is 595222591 prime?
True
Is 7081589 prime?
True
Is 6940951 composite?
False
Is 21455699 composite?
False
Is 7189289 composite?
False
Is 127680677 a composite number?
True
Is 4894259 a composite number?
False
Is 12456877 a composite number?
False
Is 1683949 a prime number?
True
Is 63445627 a prime number?
False
Is 27169099 a prime number?
False
Is 51997493 a prime number?
False
Is 21980513 prime?
True
Is 71775929 a prime number?
False
Is 13852543 composite?
False
Is 150869 prime?
True
Is 244448029 a prime number?
False
Is 2757563 a prime number?
True
Is 37586369 a composite number?
False
Is 5609231 a composite number?
False
Is 52168265 composite?
True
Is 109439107 a composite number?
True
Is 18473743 a composite number?
False
Is 3655987 a prime number?
True
Is 11318971 a prime number?
True
Is 10888393 a composite number?
False
Is 20185199 prime?
True
Is 155331103 prime?
True
Is 23528157 composite?
True
Is 60589147 a prime number?
True
Is 73270177 composite?
False
Is 53251069 a prime number?
True
Is 21834269 a composite number?
False
Is 35247899 a prime number?
False
Is 31365781 composite?
True
Is 127807 a composite number?
False
Is 84728971 a composite number?
False
Is 27802689 a prime number?
False
Is 37650733 a prime number?
False
Is 19999543 composite?
False
Is 177926069 prime?
True
Is 196935041 a 